8).
-6
Let k(j) = -2*j**3 - 699*j**2 - 3450*j + 13. Determine k(-5).
38
Let l(r) = 46813*r - 281053. Determine l(6).
-175
Let w(n) = -4*n**3 + 2*n**2 - 81*n - 266. Determine w(-5).
689
Let x(r) = 243*r - 3947. Give x(16).
-59
Let o(g) = 4074*g + 93682. Give o(-23).
-20
Let r(t) = 4*t**3 - 633*t**2 + 120*t + 5732. Give r(158).
-272
Let f(t) = t**2 + 1376*t + 112118. Give f(-87).
-25
Let f(l) = l**2 + 689*l + 99754. Determine f(-482).
-20
Let g(u) = 15*u**2 - 663*u - 33. What is g(44)?
-165
Let v(c) = c**3 + 72*c**2 - 77*c - 507. Give v(-73).
-215
Let d(z) = -z**3 + 21*z**2 + 19*z - 39. Calculate d(1).
0
Let n(o) = o**3 - o**2 - 10. Give n(2).
-6
Let j(s) = -s**3 + 172*s**2 - 2075*s + 1266. Calculate j(159).
-6
Let b(i) = 227812*i + 37361170. Determine b(-164).
2
Let u(j) = 62*j**2 - 692*j - 3770. Give u(-4).
-10
Let n(f) = -f**3 - 55*f**2 - 276*f + 61. Determine n(-49).
-821
Let w(d) = -3339*d - 26801. Calculate w(-8).
-89
Let c(p) = -1536*p**3 + p**2 - 3*p - 4. What is c(-1)?
1536
Let v(q) = -1867*q + 1672. Calculate v(2).
-2062
Let h(n) = 7*n**2 - 398*n - 1681. What is h(-4)?
23
Let w(p) = -1496*p - 6344. Calculate w(-4).
-360
Let f(r) = -8*r**3 - 23*r**2 + 98*r + 466. What is f(-3)?
181
Let u(t) = 10307*t - 401903. Determine u(39).
70
Let r(o) = o**3 - 332*o**2 + 24533*o - 378. Determine r(221).
64
Let s(v) = 24*v**2 + 534*v + 239. What is s(-22)?
107
Let s(u) = u**3 - 33*u**2 + 278*u - 953. Determine s(23).
151
Let o(h) = 928*h - 136644. Calculate o(147).
-228
Let r(h) = 12254*h - 147096. What is r(12)?
-48
Let h(s) = -511*s - 94843. Determine h(-185).
-308
Let d(v) = 81*v**2 - 394*v + 790. Calculate d(2).
326
Let d(c) = -c**2 + 25070*c - 2049020. What is d(82)?
-4
Let y(g) = -g**2 - 1921*g + 504280. Give y(234).
10
Let o(d) = -d**3 - 43*d**2 - 91*d - 1315. Calculate o(-41).
-946
Let u(x) = 17*x**2 + 244*x + 286. What is u(-9)?
-533
Let p(k) = 6*k**2 - 378*k - 4870. Calculate p(74).
14
Let p(j) = -2*j**2 - 581*j - 4755. Give p(-282).
39
Let w(i) = -2*i**3 - 20*i**2 + 78*i + 172. Calculate w(-13).
172
Let g(f) = 1618*f - 352730. Calculate g(218).
-6
Let c(f) = 539442*f + 30208765. Calculate c(-56).
13
Let l(x) = 2*x**2 - 219*x - 6111. Determine l(-24).
297
Let k(m) = -281*m**2 + 6185*m + 40. Calculate k(22).
106
Let c(l) = 16*l**2 + 577*l + 1737. Calculate c(-3).
150
Let b(c) = c**3 + 20*c**2 - 107*c + 319. Calculate b(-25).
-131
Let m(v) = v**3 + 739*v**2 + 38873*v - 687. Give m(-682).
-5
Let z(i) = i**2 + 888*i - 501737. What is z(392)?
23
Let l(p) = -p**3 - 45*p**2 + 1211*p - 168. Determine l(-64).
152
Let g(i) = i**3 + 42*i**2 + 101*i + 872. Calculate g(-40).
32
Let b(v) = 62047*v - 12037116. Determine b(194).
2
Let s(d) = -5*d**2 - 116*d + 12. Calculate s(-1).
123
Let x(c) = -331*c - 2018. Calculate x(-7).
299
Let z(l) = -l**3 - 48*l**2 + 1275*l + 115. Determine z(-67).
-19
Let j(z) = 11*z**2 + 99*z - 462. Determine j(4).
110
Let j(v) = -v**3 - 43*v**2 - 248*v - 11927. Determine j(-43).
-1263
Let t(v) = 1045*v**2 + 11499*v + 29. Give t(-11).
-15
Let i(o) = 8*o**2 + 248*o + 248. Determine i(-30).
8
Let c(x) = 2*x**2 - 9596*x + 295524. Determine c(31).
-30
Let a(v) = 317*v**2 - 12748*v + 2723. Determine a(40).
3
Let q(f) = -f**3 + 5*f**2 - 4607*f + 37071. Determine q(8).
23
Let x(b) = -4*b**2 - 2360*b + 19151. Determine x(8).
15
Let h(a) = -2*a**3 + 24*a**2 + 83*a - 25. Give h(14).
353
Let q(i) = -3*i**3 + 161*i**2 + 59*i - 263. Give q(54).
7
Let t(f) = -190*f + 2930. What is t(19)?
-680
Let m(n) = -2119*n + 40453. Determine m(19).
192
Let z(b) = 2*b**2 - 2830*b + 36444. Calculate z(13).
-8
Let f(s) = -5*s**2 - 249*s - 1453. Determine f(-44).
-177
Let b(l) = -7562*l - 332741. Give b(-44).
-13
Let g(i) = i**3 - 15*i**2 + 192*i - 3044. Give g(16).
284
Let m(k) = 187*k + 5821. Determine m(-37).
-1098
Let p(u) = 274329*u - 1097368. Calculate p(4).
-52
Let q(u) = -3*u**3 - 1224*u**2 + 2643*u + 75061. Give q(-410).
31
Let h(q) = 14*q**2 - 318*q + 68. Give h(22).
-152
Let l(i) = -3*i**3 + 427*i**2 - 982*i + 307. Give l(140).
27
Let f(b) = -b**3 + 205*b**2 - 10429*b + 14180. Calculate f(87).
-1
Let c(z) = -z**2 - 22*z + 38. Give c(-11).
159
Let f(q) = -1212*q**2 + 787*q + 789. What is f(-1)?
-1210
Let n(p) = -p**2 + 4*p + 69. Calculate n(18).
-183
Let p(x) = -104*x + 800. Determine p(6).
176
Let c(s) = 2*s**3 - 9*s**2 + 16086*s - 80453. Calculate c(5).
2
Let u(q) = -24642*q - 6259078. Give u(-254).
-10
Let n(t) = -299*t + 3469. What is n(9)?
778
Let x(i) = 7897*i + 300078. Give x(-38).
-8
Let l(q) = -q**3 - 58*q**2 - 689*q - 6. What is l(-17)?
-142
Let d(p) = 3*p**2 + 48*p - 1634. Give d(-33).
49
Let l(f) = 7*f**2 - 440*f + 6244. Determine l(22).
-48
Let j(k) = 363*k - 1173. Determine j(8).
1731
Let q(m) = 241*m - 12098. Calculate q(49).
-289
Let f(z) = z**3 - 8*z**2 - 229*z - 1000. Determine f(0).
-1000
Let j(d) = 5*d**2 + 13*d - 7650. What is j(38)?
64
Let o(y) = -y**3 + 4839*y**2 + 249392*y + 105. What is o(-51)?
3
Let g(s) = 324822*s + 3248222. Give g(-10).
2
Let g(p) = 3*p**3 + 46*p**2 - 112*p - 36. Calculate g(-17).
423
Let g(t) = 75*t + 1836. What is g(-17)?
561
Let j(p) = 4*p**3 - 10*p**2 + 111*p + 359. What is j(-3)?
-172
Let h(w) = 8*w**2 - 7810*w - 39133. Determine h(-5).
117
Let n(y) = -4467*y + 17882. What is n(4)?
14
Let j(x) = -x**3 - 159*x**2 + 630*x + 942. Determine j(5).
-8
Let b(j) = -97*j**2 - 4174*j - 124. Determine b(-43).
5
Let g(p) = -1414*p + 32871. Calculate g(23).
349
Let h(m) = -m**3 + 28*m**2 + 76*m - 123. What is h(30)?
357
Let o(m) = 102*m + 9222. Determine o(-87).
348
Let j(i) = -i**3 + 794*i**2 + 2698*i - 244677. What is j(797)?
2
Let b(s) = 23*s**3 - 1450*s**2 + 59*s + 270. Calculate b(63).
18
Let u(a) = 19899*a + 298194. What is u(-15)?
-291
Let u(c) = 13*c**2 + 646*c - 2616. What is u(4)?
176
Let c(j) = 5*j**3 + 66*j**2 - 200*j - 979. Determine c(-15).
-4
Let z(x) = -4*x**2 + 683*x + 11336. Calculate z(186).
-10
Let s(o) = 39*o**3 - 509*o**2 + 9*o + 229. Calculate s(13).
8
Let n(z) = z**3 - 27*z**2 - 17*z + 496. Determine n(27).
37
Let v(b) = b**2 + 1384*b - 156334. Calculate v(105).
11
Let s(a) = -16015*a + 896859. Determine s(56).
19
Let t(h) = 2*h**3 - 5*h**2 - 13*h + 287. Determine t(9).
1223
Let m(t) = 3*t**3 - 93*t**2 + 1560*t - 48429. Give m(31).
-69
Let o(l) = 3*l**3 + 722*l**2 - 229*l + 2882. What is o(-241)?
-10
Let u(b) = -10141*b - 294021. Give u(-29).
68
Let o(n) = n**3 + 59*n**2 - 180*n - 717. What is o(5)?
-17
Let q(z) = -z**2 + 308*z - 5621. Give q(290).
-401
Let n(v) = 1155*v - 9269. Give n(8).
-29
Let f(s) = 19472*s - 272589. Give f(14).
19
Let m(h) = -h**2 + 68*h - 111. What is m(0)?
-111
Let q(w) = -29*w**2 - 7070*w - 19552. Determine q(-241).
-31
Let w(a) = -2*a**3 + 236*a**2 - 292*a + 6756. Determine w(117).
-30
Let a(h) = -77*h**2 - 144170*h - 48675. Give a(-1872).
-3
Let n(j) = j**2 + 11*j + 657. Calculate n(-63).
3933
Let f(n) = -2*n**2 - 48*n + 514. Determine f(14).
-550
Let s(f) = -f**3 + 24*f**2 - 78*f + 491. Give s(10).
1111
Let v(w) = w**3 - 6*w**2 - 3*w - 211. Determine v(10).
159
Let q(y) = -83*y - 4524. Give q(-54).
-42
Let z(d) = -27*d**2 - 4455*d - 13113. What is z(-162)?
9
Let g(t) = -69*t**3 - 620*t**2 - 2. Give g(-9).
79
Let j(k) = k**3 + 19*k**2 + 87*k + 31. Determine j(-7).
10
Let t(s) = -2*s**3 + 26*s**2 + 45*s + 866. Determine t(16).
50
Let j(k) = -1598326*k + 4794954. Give j(3).
-24
Let f(v) = 113*v - 36283. Give f(321).
-10
Let o(w) = 88*w**3 + 3*w**2 + 28*w - 33. Calculate o(1).
86
Let n(g) = g**3 + 188*g**2 - 1779*g + 39799. What is n(-198)?
1
Let h(k) = 24*k**2 + 7745*k + 249. Give h(-323).
2510
Let t(a) = -46*a + 5970. What is t(84)?
2106
Let l(g) = -3*g**3 - 193*g**2 - 47*g + 141. Calculate l(-64).
-947
Let q(h) = -3632*h**2 + 39957*h - 46. Calculate q(11).
9
Let z(n) = -2*n**2 - 41*n - 193. Give z(7).
-578
Let n(i) = i**2 + 275*i + 3567. Give n(-17).
-819
Let c(a) = 7*a**3 + 586*a**2 - 45*a + 10326. Calculate c(-84).
-6
Let n(j) = 2860*j - 469017. Determine n(164).
23
Let m(i) = 34*i - 5275. Determine m(132).
-787
Let l(r) = -433*r**2 - 798*r + 137. Calculate l(-2).
1
Let a(v) = -101*v**3 + 3940*v**2 - 66*v + 1108. Give a(39).
55
Let a(r) = -3807*r - 91611. What is a(-24)?
-243
Let d(v) = 4681*v + 2730. Determine d(-1).
-1951
Let s(o) = 4154*o + 423715. Giv